e factors of p?
2
Let x be (4/(-12))/((-1)/9). Suppose 5*j + q + x*q = 89, 3*j - 83 = 5*q. What are the prime factors of j?
3, 7
Suppose -3*k + 243 = z, -3*z = -7*z + 2*k + 1014. List the prime factors of z.
2, 3, 7
Let m(l) = l**2 - l + 8. Let g(d) = -2*d + 14. Let k = 16 - 9. Let z be g(k). What are the prime factors of m(z)?
2
Let x(t) = t**3 + 8*t**2 - 13*t - 11. List the prime factors of x(-7).
3, 43
Suppose -11*l + 3143 = -6*l + 2*g, g - 631 = -l. List the prime factors of l.
3, 11, 19
Let d(t) = -41*t + 282. List the prime factors of d(-17).
11, 89
Let p(x) be the second derivative of 0 + 9*x**2 - 6*x - 1/6*x**3. List the prime factors of p(0).
2, 3
Let a be 2 + 5*4/20. Suppose 8 = 5*l + 3*j - 12, -16 = -4*l + a*j. Suppose -3*p - 4*q + 150 = 0, 19 = -l*p + 3*q + 194. List the prime factors of p.
2, 23
Let k(o) = o**3 - 6*o**2 + 11*o - 26. Let h(x) = -x**2 - 16*x + 6. Let w be h(-16). List the prime factors of k(w).
2, 5
Suppose 102080 = 44*l - 4*l. What are the prime factors of l?
2, 11, 29
Suppose -2*z + 2*o = -844, -4*z - 338 + 2035 = -o. What are the prime factors of z?
5, 17
Let b = 403 + -386. What are the prime factors of b?
17
Let i be ((-1)/(-2))/((-5)/(-140)). Let b = i + 2. Suppose -2*s - o = s - 56, b = s + o. List the prime factors of s.
2, 5
Let y(z) = -15 + 8 + 0*z**2 + z + z**2. Let s be y(3). Suppose 3*m - 4*r - 36 = 36, s*r = -15. What are the prime factors of m?
2, 5
Let j(o) = -3*o**2 - 9 + 2*o + 4*o**2 - 9*o**2 - o**3. Suppose 4*p - 18 = l + l, -4*p + 9 = -l. List the prime factors of j(l).
2, 3
Suppose 23 = -3*s + t, 0*t + 4*t + 20 = -2*s. What are the prime factors of (6/s)/(11/(-2948))?
3, 67
Suppose -l + 2*z + 89 = -0*z, -5*l + 472 = -z. Let n = -33 + l. List the prime factors of n.
2, 31
Let i be (-10)/(0 - 3/3). Suppose -i*u = -3*u - 385. List the prime factors of u.
5, 11
Let m(h) = h**2 + 3*h - 3. Let w be m(-3). What are the prime factors of (-3)/w + -4 + 8?
5
Suppose -5*h + k - 13 = -33, 16 = 4*h - 5*k. Let t be -1 + -1 + (h - 2). List the prime factors of 24/(t + 3) + 2.
2, 5
What are the prime factors of 341*2 + (6 - -1) + -4?
5, 137
Let z(s) = -16*s + s**3 - 3*s**2 - 12*s + 38 - 31. What are the prime factors of z(8)?
103
Let o = -8 + -15. Let s = o + 28. Suppose s*n = n + 8. List the prime factors of n.
2
Suppose -5*s = h + 520, 2*s - 127 = 2*h - 335. Let z = s - -318. List the prime factors of z.
2, 107
Suppose -4*r - 2 = 5*n - 4*n, 3*n = r + 7. Suppose i - n = -5, i = 5*j - 473. What are the prime factors of j?
2, 47
Suppose 2*k + 0*k - 16 = 0. List the prime factors of ((-34)/k)/((-3)/(-216)*-3).
2, 3, 17
What are the prime factors of 1*516 + (-11)/((-77)/14)?
2, 7, 37
Let n(z) = z**3 + 8*z + 855. What are the prime factors of n(0)?
3, 5, 19
Let i = -59 + 64. Suppose -i*q = -78 - 97. What are the prime factors of q?
5, 7
Let w(l) = -l**3 - 14*l**2 - 15*l - 12. Let n be w(-13). Let h = 19 - n. Suppose 40 = h*z + 15. List the prime factors of z.
5
Let i be (4 - 5)/(1/(-2)). Let z be (-42)/(-4) - i/4. Suppose 80 = -5*w + z*w. List the prime factors of w.
2
Suppose g + 9 = -2*g. Let x(a) = -7*a - 7. What are the prime factors of x(g)?
2, 7
Let n = 587 + -325. List the prime factors of n.
2, 131
Suppose -55*s + 63 = -56*s. List the prime factors of -1*(10/3)/(6/s).
5, 7
Let j = -135 + 30. Let w be ((-252)/j)/((-4)/(-1790)). What are the prime factors of (-16)/(-88) + w/22?
7
List the prime factors of (-13212)/(-30) - (-8)/(-20).
2, 5, 11
Let q(c) = -28*c + 15. Let h(v) = 84*v - 44. Let n(m) = 2*h(m) + 7*q(m). List the prime factors of n(-3).
101
Let t be (3 - 2)*3 + 6. Suppose -t*p + 4*p = -255. Let l = p + -31. List the prime factors of l.
2, 5
Suppose 29*l = 6*l + 23368. What are the prime factors of l?
2, 127
Suppose -14740 = -5*w + n, -65*w + 8844 = -62*w - 3*n. What are the prime factors of w?
2, 11, 67
Let w be 4*(63/(-6))/7. Let v be (6/(-5))/((-3)/80). Let t = w + v. List the prime factors of t.
2, 13
Suppose 5*m = 7*m + 6. Let j be 54*1/(12/20). List the prime factors of (m/(-2))/(5/j).
3
Let d(b) = -154*b + 17. List the prime factors of d(-5).
787
Let g(j) = 27*j**2 + 10*j + 55. List the prime factors of g(-10).
3, 5, 59
Suppose 648 + 576 = z. What are the prime factors of z?
2, 3, 17
Let f(p) = -8*p - 20. Let o = -29 + 21. List the prime factors of f(o).
2, 11
Suppose -5*n + 5*d + 139 = -4*n, -5*d - 10 = 0. Let j = n - 39. List the prime factors of j.
2, 3, 5
Let b(s) = 3*s + 20. Let a be b(-6). Suppose -c = 2*q - 49, -a*q + 130 = 3*q - 5*c. What are the prime factors of q?
5
Let o(h) = -12*h**2 - 3*h - 3. Let d be o(3). Let z be 20/30 + (-544)/(-3) + -1. Let a = d + z. What are the prime factors of a?
61
Suppose 5*i - 18 = 2. Suppose 2*r = i + 2. Suppose -3*m - 202 = -4*t, 0 = r*m - 2*m + 2. List the prime factors of t.
7
Let u(a) = -a + 8*a + 5 - 3*a. Let q(c) = 4*c**2 - 5*c. Let y be q(2). List the prime factors of u(y).
29
Let o(i) = -17*i**2 + 10*i - 3. Let y be o(-16). List the prime factors of (y/(-86))/(1/(0 + 2)).
3, 5, 7
Suppose i = -0*g - 2*g + 1132, -5*g - 5*i + 2820 = 0. What are the prime factors of g?
2, 71
Suppose 73*w - 96*w = -90643. List the prime factors of w.
7, 563
Let i(h) = 190*h**3 - h**2 + 2*h - 1. What are the prime factors of i(1)?
2, 5, 19
Let t(k) = 207*k - 27. List the prime factors of t(14).
3, 11, 29
List the prime factors of (-402824)/(-80) - (1 + (-28)/40).
5, 19, 53
Let n = 956 - -398. List the prime factors of n.
2, 677
Suppose 14 = -j + 13. List the prime factors of -3 + 1 + 307 + j + 2.
2, 3, 17
Let q = 3 + -2. Let x be 2 + -2 + 1 + q. What are the prime factors of 35 + (-3 + x - -1)?
5, 7
Let p = -74 - -224. Suppose 0 = 9*c - 7*c - p. What are the prime factors of c?
3, 5
Suppose 6*l + 6*l - 4*l = 0. Suppose 2*j + 876 = 4*a, l*a = 2*a + j - 446. What are the prime factors of a?
13, 17
Suppose -16*o + 8462 + 5890 = 0. What are the prime factors of o?
3, 13, 23
Let w(r) = -834*r - 584. List the prime factors of w(-7).
2, 37, 71
Let r(d) = 6*d - 11. Let k = -24 + 36. Let o be r(k). Let y = 94 - o. List the prime factors of y.
3, 11
Let k be -2*(3 - (-124)/8). Let f = k + 31. Let q = 30 + f. List the prime factors of q.
2, 3
Let w = 14 - 42. Let r = w + 25. Let t(z) = -z**3 + 2*z**2 + 4*z + 1. What are the prime factors of t(r)?
2, 17
Suppose 290*u + 118 = 292*u. Let q = u - -112. List the prime factors of q.
3, 19
Let j be (-24)/(-11) + 10/(-55). Let u be 1 + (66*1)/j. Let k = 53 - u. What are the prime factors of k?
19
Let y(k) = -2*k**3 - 6*k**2 - k + 6. Let c(a) = -4*a + 3. Let u be c(2). Let o be y(u). Suppose -6*m = -3*m - o. What are the prime factors of m?
37
Let a(k) = -k**2 + 5*k + 7. Let z be a(5). Suppose 4*o - z - 1 = -4*c, -25 = 5*o. Let m(d) = 4*d - 8. What are the prime factors of m(c)?
2, 5
Let m be (-3 - 23/(-1))/2. List the prime factors of 5/m*(1 + 11).
2, 3
Let h be -3*(-5)/((-60)/16). What are the prime factors of (66/h)/(2/(-40))?
2, 3, 5, 11
Let p = 64 - 64. Suppose p = -t + 6*t - 545. List the prime factors of t.
109
Suppose 86 = 2*d + 20. Let r = d + -28. List the prime factors of r.
5
Suppose 2*j = q - 3, 0 = 5*j - 2*q + 5. What are the prime factors of j*((-34)/(-3))/(18/27)?
17
Suppose 3*g + 4*k - 166 = 0, 75 = 2*g - k - 32. Suppose 5*n - g + 8 = -q, -20 = -4*n - 5*q. What are the prime factors of 2/4*580/n?
29
Suppose -4*h = p - 604, -p + 2*h + 430 = -198. List the prime factors of p.
2, 5, 31
Let a = -14 - -17. Suppose a*b = 5*b. Let o(c) = c**2 - c + 29. What are the prime factors of o(b)?
29
Suppose 3*f - 57 - 111 = 0. Let i be 71/(-2) + (-19)/(-38). Let d = i + f. What are the prime factors of d?
3, 7
Suppose -198 = 5*y - 8. Suppose -313 = 5*u + 2*w, -u + 2*w + 30 = 83. Let s = y - u. List the prime factors of s.
23
Suppose 0 = -19*i + 16*i + 9. Suppose -3*j - 171 = -4*j. Suppose -i*p - h + j = 0, 4*h - 33 = -3*p + 129. What are the prime factors of p?
2, 29
Let p(w) = 56*w - 72. List the prime factors of p(29).
2, 97
Let k(p) = -10*p - 1. Let b be k(-1). Let u be (6 + -4)/(3/6 + 0). Suppose n = 3, -u*n + 6 = i - b. What are the prime factors of i?
3
Let h(f) = f**2 - 9*f + 8. Let z be h(4). What are the prime factors of ((-246)/z)/((-10)/(-8) + -1)?
2, 41
List the prime factors of (15 + -7 - -105)*11.
11, 113
Let k = -2